le of 66?
True
Does 2129 divide 11979430?
False
Is 927 a factor of 11975245?
False
Is 31 a factor of 466692321?
True
Is 42 a factor of 1820137869?
False
Does 15 divide 112448445?
True
Is 89306750 a multiple of 250?
True
Does 388 divide 66103172?
True
Is 16 a factor of 140100976?
True
Is 1384497055 a multiple of 24?
False
Is 3396288 a multiple of 36?
False
Is 127458051 a multiple of 37?
False
Is 24195938 a multiple of 26?
True
Does 493 divide 146260775?
True
Is 14 a factor of 794526236?
True
Does 1828 divide 31381276?
True
Is 82112653 a multiple of 999?
False
Is 120 a factor of 30791853?
False
Is 24892595 a multiple of 455?
True
Does 31 divide 6211993?
False
Is 38 a factor of 140928787?
False
Does 20 divide 53395220?
True
Does 111 divide 344946576?
False
Is 310205984 a multiple of 23?
False
Is 316081616 a multiple of 2504?
False
Does 567 divide 202542039?
True
Does 149 divide 250726323?
True
Is 3768659495 a multiple of 16?
False
Is 13690436 a multiple of 1094?
False
Is 26 a factor of 58356978?
False
Does 129 divide 23568300?
True
Is 3637 a factor of 237597936?
True
Does 30 divide 1360462985?
False
Is 79 a factor of 64030132?
True
Is 1184 a factor of 856031?
False
Does 4192 divide 1176472574?
False
Is 711 a factor of 1223090855?
False
Is 5827173461 a multiple of 128?
False
Is 150335234 a multiple of 94?
True
Is 36 a factor of 78266196?
True
Is 17 a factor of 798315087?
True
Does 925 divide 1804126963?
False
Is 332526993 a multiple of 447?
False
Does 26 divide 253872632?
True
Is 1662211351 a multiple of 15?
False
Is 1604 a factor of 2224471940?
False
Does 242 divide 15006079?
False
Is 1430421295 a multiple of 591?
False
Is 23504930 a multiple of 10?
True
Does 16 divide 12036464?
True
Is 8 a factor of 1121873600?
True
Is 91 a factor of 30596905?
False
Is 56903914 a multiple of 198?
False
Does 5 divide 119023845?
True
Does 5 divide 5235670?
True
Is 27 a factor of 18106686?
True
Is 1201554335 a multiple of 3?
False
Does 19 divide 43790915?
True
Is 398242578 a multiple of 326?
True
Is 40 a factor of 8007080?
True
Is 83 a factor of 3738652?
True
Does 1717 divide 93223034?
False
Is 123674830 a multiple of 35?
False
Is 918485933 a multiple of 23?
True
Does 240 divide 515063280?
True
Is 143405622 a multiple of 6?
True
Is 134 a factor of 3067754504?
False
Is 3094358 a multiple of 58?
True
Is 54647728 a multiple of 15?
False
Is 4430649 a multiple of 3683?
True
Is 22510656 a multiple of 9?
True
Does 2040 divide 176270661?
False
Is 223010732 even?
True
Does 1690 divide 1803468290?
True
Is 75 a factor of 25353000?
True
Does 51 divide 49413849?
True
Does 15 divide 12018810?
True
Is 108 a factor of 28360368?
True
Is 236 a factor of 49510314?
False
Is 505 a factor of 246517506?
False
Is 26 a factor of 60867534?
True
Is 401520762 a multiple of 1278?
True
Does 9 divide 121401?
True
Is 385 a factor of 3945270?
False
Does 32 divide 668964736?
True
Is 334 a factor of 6250748544?
True
Is 9 a factor of 152922432?
False
Does 4154 divide 210657648?
True
Does 35 divide 118999160?
True
Is 60425105 a multiple of 2795?
True
Is 3896009 a multiple of 289?
True
Is 93657385 a multiple of 3?
False
Is 866 a factor of 26542045?
False
Does 1106 divide 5281376526?
False
Is 29 a factor of 81963219?
False
Is 41 a factor of 278958296?
False
Is 3087 a factor of 1275215004?
True
Is 3572966750 a multiple of 113?
False
Is 1425 a factor of 692064103?
False
Does 42 divide 112599438?
True
Does 14 divide 2453760525?
False
Is 46239200 a multiple of 56?
True
Is 3379327771 a multiple of 127?
False
Is 1579 a factor of 52832712?
False
Is 60344769 a multiple of 37?
False
Is 46710387 a multiple of 191?
True
Is 47 a factor of 1561085417?
False
Is 161 a factor of 8087300?
False
Does 75 divide 438500925?
True
Does 14 divide 3797744426?
True
Is 19 a factor of 2221053730?
False
Is 119 a factor of 44400258?
False
Is 134 a factor of 12999206?
True
Does 138 divide 18387185?
False
Does 215 divide 32213372?
False
Is 2541 a factor of 549518515?
False
Is 940875 a multiple of 75?
True
Is 186 a factor of 71469510?
False
Is 3446319 a multiple of 3?
True
Is 62905170 a multiple of 795?
True
Does 1848 divide 355170816?
True
Is 935816697 a multiple of 1633?
False
Does 22 divide 153742850?
False
Is 16343938 a multiple of 46?
True
Is 44 a factor of 304210963?
False
Does 24 divide 130852344?
True
Is 1044781255 a multiple of 35?
True
Does 12 divide 53607276?
True
Is 31418647 a multiple of 19?
True
Is 3685102 a multiple of 16?
False
Is 218538640 a multiple of 1627?
True
Is 80 a factor of 7334232?
False
Is 506043844 a multiple of 2923?
False
Is 4965 a factor of 1323440610?
True
Does 42 divide 19795860?
True
Does 55 divide 15175105?
True
Does 1171 divide 239471842?
True
Is 1736 a factor of 68396664?
True
Is 466 a factor of 489339144?
True
Is 10 a factor of 20621120?
True
Is 135627253 a multiple of 937?
False
Is 981813324 a multiple of 129?
True
Is 26 a factor of 21140704?
True
Is 12 a factor of 3921123060?
True
Does 7685 divide 189035630?
True
Is 2427761416 a multiple of 1553?
True
Is 40 a factor of 46328280?
True
Does 187 divide 269961989?
True
Is 31 a factor of 8582598?
True
Is 311593408 a multiple of 2608?
True
Does 13 divide 1035773583?
True
Is 55241736 a multiple of 132?
True
Does 180 divide 9148320?
True
Is 42 a factor of 138222924?
True
Is 92599727 a multiple of 1391?
False
Does 47 divide 1336696585?
False
Does 364 divide 353237248?
True
Is 35874864 a multiple of 144?
True
Is 648 a factor of 502566159?
False
Does 4534 divide 2135744907?
False
Is 6 a factor of 33668318?
False
Is 440 a factor of 28184460?
False
Does 1017 divide 132573069?
True
Is 1168 a factor of 143375241?
False
Is 411 a factor of 195520098?
True
Is 18100432 a multiple of 112?
True
Is 25861157 a multiple of 146?
False
Is 362 a factor of 16790574?
False
Does 475 divide 265386389?
False
Is 140456921 a multiple of 11?
True
Does 32 divide 29944768?
True
Is 3 a factor of 17189119?
False
Does 2051 divide 45234805?
True
Is 138 a factor of 6328185?
False
Is 60 a factor of 643091820?
True
Is 35628068 a multiple of 27?
False
Is 21792752 a multiple of 60?
False
Is 5928798 a multiple of 262?
True
Is 64 a factor of 297997516?
False
Does 47 divide 169837858?
False
Does 2928 divide 512602032?
True
Is 1044308090 a multiple of 98?
True
Is 8785224 a multiple of 56?
True
Is 84773118 a multiple of 154?
False
Is 13 a factor of 11812596?
False
Does 145 divide 529146035?
True
Is 622540777 a multiple of 797?
False
Is 113226054 a multiple of 332?
False
Is 7035795 a multiple of 285?
True
Is 9566040 a multiple of 660?
True
Is 88213830 a multiple of 1410?
True
Is 1605080942 a multiple of 209?
False
Is 1834 a factor of 295010585?
False
Is 59845797 a multiple of 9?
True
Is 78 a factor of 27687960?
False
Is 5508 a factor of 168076620?
True
Is 305050237 a multiple of 10?
False
Does 40 divide 14359320?
True
Is 30 a factor of 330456480?
True
Is 129 a factor of 126364310?
False
Is 5 a factor of 287100795?
True
Is 143 a factor of 269539842?
True
Does 12 divide 18826104?
True
Is 51513080 a multiple of 514?
True
Is 1028 a factor of 189503576?
True
Does 1223 divide 843625901?
False
Is 1501 a factor of 8461137?
True
Is 155695816 a multiple of 435?
False
Is 9 a factor of 17469378?
True
Does 13 divide 27964614?
False
Does 132 divide 29987634?
False
Is 8264677 a multiple of 14?
False
Is 267374202 a multiple of 82?
True
Is 67 a factor of 117233383?
False
Is 3 a factor of 614389965?
True
Does 73 divide 25493863?
True
Is 35373948 a multiple of 168?
False
Does 158 divide 5676782?
True
Does 4 divide 23415664?
True
Is 1396896 a multiple of 4?
True
Is 2412 a factor of 744487920?
True
Is 269819880 a multiple of 1562?
True
Is 129162240 a multiple of 720?
True
Is 8467536 a multiple of 6083?
True
Is 1196512 a multiple of 32?
True
Is 213694952 a multiple of 328?
True
Is 357 a factor of 188835107?
False
Is 26833033 a multiple of 1130?
False
Is 64 a factor of 968384064?
True
Is 19785228 a multiple of 716?
True
Does 76 divide 2238808?
True
Is 50017999 a multiple of 189?
False
Does 3624 divide 222984722?
False
Is 9 a factor of 81545274?
True
Is 8605324 a multiple of 611?
True
Is 1563358616 a multiple of 208?
False
Is 117 a factor of 19751979?
False
Does 11 divide 316918941?
False
Is 14 a factor of 274793248